ate the highest common factor of 4728 and 8.
8
What is the highest common divisor of 3476 and 11?
11
What is the greatest common factor of 2673 and 44?
11
Calculate the greatest common factor of 4 and 19.
1
Calculate the highest common divisor of 37 and 6031.
37
What is the greatest common factor of 186 and 37634?
62
Calculate the greatest common divisor of 1620 and 40.
20
What is the greatest common factor of 16 and 1072?
16
Calculate the highest common factor of 477 and 45.
9
What is the highest common factor of 3 and 768?
3
What is the greatest common divisor of 553 and 7?
7
What is the highest common factor of 200 and 56200?
200
What is the greatest common factor of 564 and 24?
12
Calculate the greatest common factor of 11 and 88.
11
Calculate the highest common divisor of 3759 and 63.
21
Calculate the greatest common divisor of 1946 and 834.
278
What is the highest common divisor of 2940 and 45?
15
What is the greatest common factor of 27 and 12?
3
Calculate the greatest common divisor of 1636 and 8.
4
Calculate the greatest common factor of 15127 and 7.
7
Calculate the highest common divisor of 495 and 105.
15
What is the greatest common factor of 621 and 23?
23
What is the greatest common factor of 4906 and 154?
22
Calculate the greatest common factor of 40 and 270.
10
What is the highest common factor of 348 and 24?
12
What is the highest common divisor of 35 and 203?
7
Calculate the greatest common factor of 8 and 18.
2
Calculate the highest common factor of 92 and 506.
46
Calculate the greatest common factor of 110 and 385.
55
What is the highest common factor of 66 and 1122?
66
What is the greatest common divisor of 342 and 38?
38
Calculate the greatest common factor of 990 and 360.
90
Calculate the greatest common divisor of 37 and 407.
37
What is the greatest common divisor of 384 and 36?
12
What is the greatest common divisor of 620 and 20770?
310
What is the greatest common factor of 15 and 6945?
15
What is the greatest common divisor of 602 and 1376?
86
What is the greatest common factor of 888 and 5994?
222
Calculate the greatest common factor of 752 and 2896.
16
Calculate the greatest common divisor of 117 and 18.
9
Calculate the greatest common divisor of 128 and 52.
4
What is the highest common divisor of 225 and 1485?
45
What is the highest common factor of 2345 and 35?
35
What is the highest common factor of 405 and 5?
5
Calculate the highest common divisor of 184 and 24.
8
What is the greatest common factor of 342 and 2034?
18
What is the greatest common factor of 404 and 5?
1
What is the greatest common divisor of 62 and 465?
31
What is the highest common factor of 966 and 1794?
138
What is the highest common divisor of 15 and 12?
3
What is the greatest common divisor of 981 and 3597?
327
What is the greatest common divisor of 190 and 95?
95
Calculate the greatest common divisor of 512 and 16.
16
Calculate the greatest common divisor of 5010 and 30.
30
What is the highest common factor of 2162 and 92?
46
Calculate the greatest common factor of 4810 and 78.
26
Calculate the highest common divisor of 76 and 247.
19
What is the greatest common divisor of 71 and 1349?
71
Calculate the highest common divisor of 149 and 6705.
149
What is the greatest common divisor of 142 and 568?
142
Calculate the highest common factor of 9156 and 84.
84
What is the highest common factor of 20 and 50?
10
What is the greatest common factor of 15 and 4385?
5
Calculate the highest common factor of 57 and 7125.
57
Calculate the highest common factor of 620 and 31.
31
Calculate the highest common factor of 549 and 244.
61
Calculate the greatest common factor of 355 and 71.
71
Calculate the highest common factor of 1288 and 112.
56
What is the greatest common factor of 24 and 27048?
24
What is the greatest common divisor of 198 and 154?
22
What is the greatest common divisor of 928 and 96?
32
Calculate the greatest common divisor of 621 and 9.
9
What is the greatest common factor of 876 and 84?
12
What is the greatest common factor of 72 and 168?
24
Calculate the greatest common divisor of 51 and 119.
17
What is the highest common divisor of 50 and 550?
50
What is the highest common divisor of 624 and 78?
78
Calculate the greatest common divisor of 248 and 2015.
31
Calculate the greatest common divisor of 70 and 7210.
70
What is the greatest common factor of 180 and 225?
45
What is the greatest common divisor of 30 and 534?
6
What is the highest common divisor of 935 and 425?
85
Calculate the highest common divisor of 329 and 7.
7
Calculate the greatest common factor of 4098 and 6.
6
What is the highest common divisor of 200 and 250?
50
Calculate the greatest common factor of 28 and 1036.
28
Calculate the highest common factor of 416 and 130.
26
Calculate the highest common divisor of 1500 and 60.
60
What is the greatest common factor of 11 and 4961?
11
Calculate the highest common divisor of 236 and 767.
59
Calculate the highest common factor of 70 and 875.
35
Calculate the highest common factor of 77 and 110.
11
What is the highest common factor of 18 and 72?
18
What is the highest common factor of 36 and 32820?
12
Calculate the greatest common divisor of 156 and 23322.
78
What is the greatest common factor of 171 and 285?
57
Calculate the greatest common factor of 104 and 650.
26
Calculate the highest common divisor of 1795 and 11488.
359
What is the highest common factor of 27 and 48?
3
What is the greatest common factor of 44416 and 32?
32
Calculate the highest common divisor of 2244 and 102.
102
What is the greatest common divisor of 115 and 1242?
23
What is the greatest common divisor of 77 and 88?
11
What is the highest common divisor of 11 and 374?
11
What is the greatest common factor of 164 and 287?
41
What is the highest common factor of 425 and 1530?
85
Calculate the greatest common divisor of 480 and 1080.
120
Calculate the greatest common factor of 57 and 69.
3
Calculate the greatest common factor of 735 and 2415.
105
Calculate the highest common factor of 180 and 160.
20
Calculate the highest common factor of 56 and 77.
7
What is the greatest common divisor of 11 and 9691?
11
What is the highest common factor of 6943 and 53?
53
What is the highest common divisor of 979 and 11?
11
What is the greatest common divisor of 43 and 473?
43
What is the greatest common factor of 162 and 18?
18
What is the greatest common divisor of 6 and 11121?
3
What is the greatest common divisor of 1842 and 132?
6
Calculate the highest common factor of 6 and 87588.
6
Calculate the greatest common divisor of 702 and 9.
9
Calculate the greatest common divisor of 4768 and 32.
32
What is the highest common factor of 4958 and 804?
134
Calculate the highest common factor of 1001 and 26.
13
What is the highest common divisor of 21 and 102?
3
What is the highest common divisor of 3842 and 34?
34
What is the greatest common factor of 19 and 19456?
19
Calculate the highest common factor of 3 and 129.
3
Calculate the highest common factor of 2901 and 6.
3
Calculate the highest common factor of 5379 and 33.
33
Calculate the greatest common divisor of 10510 and 70.
10
Calculate the greatest common divisor of 1 and 125.
1
What is the highest common factor of 6 and 2?
2
Calculate the greatest common factor of 726 and 66.
66
Calculate the greatest common factor of 105182 and 154.
154
Calculate the highest common divisor of 150 and 12.
6
Calculate the highest common divisor of 36 and 19161.
9
What is the greatest common factor of 21 and 231?
21
Calculate the highest common factor of 616 and 693.
77
Calculate the highest common divisor of 159 and 106.
53
Calculate the highest common divisor of 16 and 88.
8
Calculate the greatest common divisor of 40 and 272.
8
Calculate the highest common divisor of 24 and 296.
8
What is the highest common divisor of 164 and 205?
41
What is the highest common divisor of 154 and 14?
14
What is the highest common divisor of 7102 and 106?
106
What is the greatest common factor of 30 and 800?
10
What is the highest common factor of 49 and 3?
1
Calculate the greatest common factor of 203 and 273.
7
What is the greatest common factor of 3216 and 108?
12
What is the highest common factor of 3 and 9?
3
What is the greatest common factor of 1